 = d + 9. Suppose 19 = -5*z + 4*t, -t = -4*z - 16 + s. Determine j(z).
5
Let r(o) = 0*o - 9 - 10*o + 8*o. Determine r(-6).
3
Let m be -3 + 6/10 + (-42)/(-5). Suppose -11*v + 17*v = m. Let u(a) = 1 + 3*a - 2*a + a. Give u(v).
3
Let q(z) = 5*z**2 - 8*z + 23. Let w(r) = 9*r**2 - 15*r + 45. Let m(h) = 11*q(h) - 6*w(h). Calculate m(-6).
7
Suppose -7*o - 41 = -3*o - 5*l, -o - 5*l + 21 = 0. Let w = 7 + o. Let f(u) = -w*u**2 + 5*u**2 - 4*u**2 - u**2 + u - 1 + u**3. Give f(3).
2
Let h(x) = -6*x**2 - x**2 + 25*x**2 - 2*x - 4*x**2 - 16*x**2. Give h(-4).
-24
Let n(c) = -c**3 - c**2 - c. Let u be (5 + -2)*(-1 + 4). Suppose 0 = q + 3*q + 5*t - 27, -2*t - u = -5*q. Suppose -q*j - 7 + 4 = 0. What is n(j)?
1
Let w(d) be the third derivative of d**4/6 + 3*d**3/2 + d**2 - 14. Give w(3).
21
Let w be -2 - (-2 - 1) - -1. Let u(r) = -r + 0*r - 3*r + w*r - 3. Suppose 3*y = 5*s + 14, 3*s - 4*y + 1 = -3. Give u(s).
5
Let b(k) be the third derivative of -k**6/120 + k**5/15 - k**4/12 + 2*k**3/3 + 2*k**2 + 3. Calculate b(4).
-4
Let f(m) = -m**2 + 12*m - 2. Suppose -192*q + 199*q - 63 = 0. What is f(q)?
25
Let t(d) = -2*d + 3. Let h(p) = p**2 + p**3 - 22 - 10*p**2 - 4*p**2 + 2*p. Let k be h(13). Determine t(k).
-5
Let p(o) = o**3 - 7 - o**2 + 11 + 311*o - 152*o - 160*o. Calculate p(0).
4
Let k(a) = a - 1. Let w be ((-16)/(-20))/2*(19 - -1). Let q be w/(-6) - (-7)/(-21)*-22. Determine k(q).
5
Let i(r) = -3*r**3 - 6*r**2 - 3*r - 1. Let p(o) = -2*o**3 - 3*o**2 - 2*o. Let v = 11 + -6. Let u(h) = v*p(h) - 3*i(h). Give u(4).
-17
Let w(j) = j**3 - 7*j**2 + 9*j - 16. Let u be w(6). Let r(g) = 0 + 6*g + 4 - 7 - 3*g. Give r(u).
3
Suppose 5*i = 4*i + 22. Let o = i + -18. Let q(v) = -2*v + 1. Give q(o).
-7
Let t(q) = -6*q**2 - 3*q + 26. Let d(x) = -7*x**2 - 4*x + 30. Let l(c) = 5*d(c) - 6*t(c). Calculate l(5).
9
Let i = 6 - 4. Suppose 3*n + 7*l = 3*l - i, 3*l = -5*n + 4. Let o(w) = -5*w**2 - 3*w + 10*w - w + 4*w**n + 7. Give o(5).
12
Let c(j) = -j - 3. Suppose 7 = -s + 3. Let q be (-3)/9*s*9. Let f = q + -19. What is c(f)?
4
Suppose -49 - 161 = -15*p. Suppose -p = 8*d - 14. Let l(q) = -q + 1. Let z(y) = 4*y + 3. Let t(j) = 3*l(j) + z(j). Determine t(d).
6
Suppose -4*c = 2*r + 20, 3*r + 0*c + 16 = c. Let n = r - -1. Let m(z) = z**2 + 5*z - 3. Give m(n).
-3
Let u be -1*(1 + -2)*0. Let x(p) = -2*p**2 - 13*p + 10. Let y(g) = -3*g**2 - 22*g + 20. Let i(m) = 5*x(m) - 3*y(m). Give i(u).
-10
Let x(f) = 15*f + 6. Let v = -489 - -492. Determine x(v).
51
Let i(p) = -4*p + 25. Let n be 180/25 + 32/40. Determine i(n).
-7
Let f(l) = -6*l - 12*l**2 + 11*l**2 + 0*l - 9 + 2. Suppose 2 = -i + 4. Suppose 5*t = h - 25, i*t + 9 + 1 = 2*h. Give f(t).
-2
Let u(q) = -3*q + 5. Let w(z) = -z**2 - 22*z + 81. Let f be w(-25). What is u(f)?
-13
Let w(z) = 2*z**2 - 9*z + 4. Let c = -93 - -97. Let u be w(c). Let k(y) = -2*y + 5. Determine k(u).
5
Let n(o) = o**2 - 3*o. Suppose 32*f - 111 = 113. Give n(f).
28
Let n(t) = -t**2 - 4. Suppose 93 = 20*v + 11*v. Determine n(v).
-13
Let o(j) = j**2 - 2*j + 3. Suppose 0 = 7*t + 2*t + 6*t. Give o(t).
3
Let v(i) be the first derivative of i**3/3 - 2*i**2 + 5*i + 165. What is v(2)?
1
Let r = -22 + 27. Let b(p) = -1 - r + 2*p - 1 - 1. Give b(6).
4
Let t = 401 + -393. Let f(m) = -m**2 + 9*m - 11. Determine f(t).
-3
Let z(i) be the third derivative of -i**5/60 - i**4/12 + 3*i**3/2 + 18*i**2. Let r be z(-5). Let w(j) = j**3 + 5*j**2 - 7*j + 1. Determine w(r).
7
Let f(m) = 3*m**3 - 3*m**2 + 1. Let n(b) = -b - 1. Let g(d) = d**2 + d - 2. Let q(k) = -g(k) - 3*n(k). Let a be q(3). Calculate f(a).
13
Let f(o) be the first derivative of o**4/4 - 5*o**2/2 + 3*o + 492. Calculate f(3).
15
Suppose -5*p + 122 = 27. Let g(m) = p*m + 1 - 6*m - 10*m. What is g(-3)?
-8
Suppose 4 = -u, 5*q - u - 29 = -10. Let x(m) = 7*m - 4. Give x(q).
17
Let n(h) = -h**3 - 11*h**2 + h + 1. Let q be ((-836)/(-114))/((-2)/3). Calculate n(q).
-10
Let j(g) be the third derivative of -g**4/24 + g**3/6 - 90*g**2. Suppose 3*u - 2 = 4*i, -4 = -3*i - 19. What is j(u)?
7
Suppose 4*y = 3*i + 17, i = 3*y - 8 - 1. Let q(a) = -4*a**2 - 3*a - a - 6*a**y + 3*a. Give q(1).
-11
Let o be (-6 + (4 + -6 - -8))/(-1). Let l(g) = -g**3 - g**2 - 4. Give l(o).
-4
Let v(b) = -49 + b + 0*b + 45. Let d(l) = l**3 - 4*l**2 + 2*l. Let p be d(4). Let c = p - 3. What is v(c)?
1
Let h(g) = g + 2*g**2 - 3*g**3 + 4*g**2 - 4 + 4*g**3 - 10*g**2 - 2*g. What is h(3)?
-16
Let y be 1/(3/(12/8*2)). Let x(d) = -3*d - y + 7 + 0*d**2 + 0 - d**2. What is x(-5)?
-4
Let u(m) = 3*m**3 - 18*m**2 + 19*m + 2. Let h(j) = -4*j**3 + 18*j**2 - 19*j. Let x(a) = 4*h(a) + 5*u(a). What is x(-19)?
10
Let q(j) be the third derivative of 4*j**2 + 1/15*j**5 + 0*j + 5/24*j**4 - 1/120*j**6 + j**3 + 0. Determine q(5).
6
Let v(u) = -u**3 + u - 1. Let o = -6 + 5. Let m(q) = -3*q**3 + 10*q**2 - 7*q - 7. Let j(i) = o*m(i) + 2*v(i). What is j(9)?
5
Let j(d) be the second derivative of -5*d**2/2 - 34*d. Let q(r) = -r + 14. Let c(y) = 8*j(y) + 3*q(y). Calculate c(6).
-16
Let k(i) = 7*i**3 + 19*i**2 + 12*i + 4. Let v(n) be the first derivative of 3*n**4/4 + 3*n**3 + 3*n**2 + 2*n + 2. Let p(l) = -4*k(l) + 9*v(l). What is p(6)?
2
Let m(x) = -x**2 - 4*x. Let f be (-106)/(-9) + 2/9. Suppose 4*c = -f + 4. Determine m(c).
4
Suppose 4*o + 3*y + 32 = 0, y = o + 5*y + 21. Let p(c) = -c**2 - 17*c + 70. Let r(h) = 3*h**2 + 49*h - 199. Let d(m) = 17*p(m) + 6*r(m). Calculate d(o).
-4
Let w be 2/(-12) - 98/(-12). Let i(t) = -t**3 + 7*t**2 + 9*t - 8. Let g be i(w). Let x(m) be the first derivative of -m**4/4 - m**2/2 - 9*m + 4. Give x(g).
-9
Suppose -11*q + 37 = -7. Let y(v) be the third derivative of 1/24*v**q + 1/6*v**3 + 4*v**2 + 0*v + 0. Give y(0).
1
Let w be (2*1)/(10/15). Let m(b) = 2*b**2 + 5*b - 6. Let j = -9 + 4. Let r(u) = u**2 + 3*u - 3. Let g(t) = j*r(t) + w*m(t). Give g(-3).
6
Let c(k) = k**3 + 7*k**2 + 7*k - 2. Suppose -5*m - 4*p + 21 = 0, -2*m = -7*m + 2*p + 27. Let o be (-1)/m + 12/10. Let u be -1 + -6 + 0 + o. Determine c(u).
-8
Suppose -70*y + 125 = 76 - 301. Let d(h) = h - 3*h + 6 - 3. Give d(y).
-7
Let n(u) = u**2 - 6*u - 2. Suppose -6 = 2*t - 22. Suppose -4*k = -16, -2*z + 5*k = -0*z + t. Give n(z).
-2
Suppose 2*g = 7*g. Let c = -84 + 86. Let h(m) = g*m**c - 15 + 0*m + 11 + m**2 + 2*m. Give h(3).
11
Let h = -329 + 335. Let r(y) = -y**2 - 6*y + 8. Let t(w) = -4*w**2 - 18*w + 24. Let c(l) = 7*r(l) - 2*t(l). Give c(h).
8
Suppose 0 = 3*s - 5*s - 4. Let u be 3 + 14/s + 3. Let o(a) = a**3 + 2*a**2 + 4*a - 1. Let r(c) = -c. Let j(g) = -o(g) - 4*r(g). Determine j(u).
0
Suppose 0*q - 6*q = -36. Let l be (3/q - 2)*4. Let u(n) = 7*n - 4. Let j(t) = 15*t - 9. Let o(c) = -6*j(c) + 13*u(c). Determine o(l).
-4
Let g = -5 - -10. Suppose 2*s = -2*u - u, -4*u - 34 = -3*s. Let w(i) = 1. Let k(m) = -2*m - 5. Let d(j) = s*w(j) + k(j). What is d(g)?
-9
Suppose w + 16 = 3*f, -10*w + 5*w - 47 = -4*f. Let k(s) = s**2 + 8*s - 4. Calculate k(w).
-11
Suppose -2*m - 3 = -3*m. Suppose -m*a = 4 - 31. Let w(o) = 2*o**2 - 10*o**2 + a*o**2 + 4 + 5*o. Determine w(-3).
-2
Let x(a) = a**3 + 4*a**2 - 2*a - 1. Let f = 37 - 4. Let u = 28 - f. Determine x(u).
-16
Let l be 3/((-9)/(-6))*-2. Let r(q) = -5*q - 8. Let f(t) = 11*t + 18. Let b(u) = -6*f(u) - 13*r(u). What is b(l)?
0
Let s(v) = -2*v + 7. Let n be (-2 - 1/2)*(-4 + 2). Let y be s(n). Let u(a) = -3*a - 4. What is u(y)?
5
Suppose -41*q + 4 = -42*q. Let b(d) = 7*d - 4. Calculate b(q).
-32
Let l(a) = a**2 - 6*a + 3. Suppose -4*u = -4*g - 3 + 23, 5*g + 3*u - 33 = 0. Suppose -47 + 35 = -g*o. Determine l(o).
-5
Let f(x) = x**2 + 10*x + 4. Let s = -27 - -17. Let m be f(s). Let v(g) = -2*g + 21. Let w(h) = -h + 10. Let u(z) = -6*v(z) + 13*w(z). Give u(m).
0
Let q(p) = -2*p - 1. Let w be q(-1). Let t be -1 - (-3 - -5) - -14. Let g(k) = 17 - k**2 + 2*k + t - 29 + 8*k**3. Give g(w).
8
Suppose 2*h - 4*y + 23 = -11, -5*h - 30 = y. Let q(o) = -6*o - 7. Let p(g) = 5*g + 7. Let f(a) = h*p(a) - 6*q(a). Determine f(6).
-1
Let q(d) be the second derivative of -d**3/2 + 3*d**2/2 - d. Let z be ((-1)/14*18)/(33/(-154)). What is q(z)?
-15
Let b(p) = p**3 + 3*p**2 - p + 2. Let g be 33/(-12)*(-12)/9*12. Suppose 0 = -47*a + g*a - 12. What is b(a)?
-10
Let r(n) = 0*n**2 + n**2 - 4*n**2 - 3 - n + 4*n**2. Let u be -4 + 7 - (-1 + 1). Determine r(u).
3
Let b(f) be the second derivative of -